{"id":266,"date":"2025-04-11T16:59:24","date_gmt":"2025-04-11T16:59:24","guid":{"rendered":"https:\/\/societabiblica.org\/?page_id=266"},"modified":"2025-04-14T11:28:05","modified_gmt":"2025-04-14T11:28:05","slug":"progetti","status":"publish","type":"page","link":"https:\/\/societabiblica.org\/?page_id=266","title":{"rendered":"Progetti"},"content":{"rendered":"\n<h2 class=\"wp-block-heading\">TLE: Traduzione Letteraria Ecumenica<\/h2>\n\n\n\n<p class=\"has-black-color has-text-color has-link-color wp-elements-d200ad8c8d0f6cb38f586a4322f1f6bc\">La Traduzione Letteraria Ecumenica (TLE)\u00a0\u00e8 una traduzione del Nuovo Testamento basata su criteri di aderenza al testo originale con una resa in linguaggio letterario.\u00a0\u00c8 la prima traduzione in italiano pienamente ecumenica, poich\u00e9 ha visto la partecipazione e il sostegno di Chiesa Cattolica, Chiesa Ortodossa (Patriarcato Ecumenico e Sacra Diocesi Ortodossa Romena) e di diverse Chiese evangeliche italiane.<\/p>\n\n\n\n<p>Il Nuovo Testamento TLE \u00e8 stato presentato per la prima volta a Roma il 25 febbraio 2025, nella Chiesa Valdese di Piazza Cavour, con interventi del cardinale Bassetti in rappresentanza della Chiesa Cattolica, del vescovo Dionysios Papavasileiou per la Chiesa Ortodossa e della diacona Alessandra Trotta, Moderatora della Tavola Valdese.<\/p>\n\n\n\n<p>Questa nuova traduzione \u00e8 stata pubblicata con la speranza che almeno la Bibbia sia uguale per tutti; che si possa dire non la mia o la tua Bibbia, ma la nostra. Si pu\u00f2 discutere della sua interpretazione, ma si dovrebbe prima convenire sul testo, e la TLE vuole essere un passo in questa direzione.<\/p>\n\n\n\n<figure class=\"wp-block-image size-large\"><img fetchpriority=\"high\" decoding=\"async\" width=\"1024\" height=\"649\" src=\"https:\/\/societabiblica.org\/wp-content\/uploads\/2025\/03\/nuovo-testamento-copertina-1024x649.jpg\" alt=\"\" class=\"wp-image-35\" srcset=\"https:\/\/societabiblica.org\/wp-content\/uploads\/2025\/03\/nuovo-testamento-copertina-1024x649.jpg 1024w, https:\/\/societabiblica.org\/wp-content\/uploads\/2025\/03\/nuovo-testamento-copertina-300x190.jpg 300w, https:\/\/societabiblica.org\/wp-content\/uploads\/2025\/03\/nuovo-testamento-copertina-768x487.jpg 768w, https:\/\/societabiblica.org\/wp-content\/uploads\/2025\/03\/nuovo-testamento-copertina-1536x974.jpg 1536w, https:\/\/societabiblica.org\/wp-content\/uploads\/2025\/03\/nuovo-testamento-copertina-1170x742.jpg 1170w, https:\/\/societabiblica.org\/wp-content\/uploads\/2025\/03\/nuovo-testamento-copertina-585x371.jpg 585w, https:\/\/societabiblica.org\/wp-content\/uploads\/2025\/03\/nuovo-testamento-copertina.jpg 1564w\" sizes=\"(max-width: 1024px) 100vw, 1024px\" \/><\/figure>\n\n\n\n<h2 class=\"wp-block-heading\">BIR: Bibbia della Riforma<\/h2>\n\n\n\n<p>Nel 2017, in occasione del cinquecentesimo anniversario della Riforma protestante, la SBI ha pubblicato il Nuovo Testamento BIR. \u00c8 tuttora in corso la traduzione dell\u2019Antico.<\/p>\n\n\n\n<p>Le Bibbie evangeliche in italiano finora erano revisioni della traduzione di Giovanni Diodati del 1607. Dopo quattro secoli, la Societ\u00e0 Biblica Britannica e Forestiera e la Societ\u00e0 Biblica in Italia hanno ritenuto che i tempi fossero maturi per proporre ai protestanti italiani una nuova versione tradotta direttamente dai testi originali.<\/p>\n\n\n\n<p>Ci\u00f2 che caratterizza questa traduzione \u00e8 l\u2019attenzione al testo originale reso in italiano moderno. Per questa ragione vi si troveranno alcune differenze con le versioni gi\u00e0 in uso. Per quanto possibile si cerca di evitare il linguaggio ecclesiastico, riportando al significato originario alcune parole che tradizionalmente sono rese diversamente, anche se questo suona un po\u2019 pi\u00f9 \u201cduro\u201d in italiano. All\u2019interno di questo lavoro si potr\u00e0 anche notare la volont\u00e0 di mantenere lo stile dell\u2019autore biblico. Uno dei principi base \u00e8 quello di tradurre sempre, se possibile, allo stesso modo alcuni termini chiave, per permettere al lettore di risalire facilmente ai concetti fondamentali espressi dalla lingua originale.<\/p>\n\n\n\n<p><a href=\"http:\/\/www.bibbiadellariforma.it\/\">www.bibbiadellariforma.it<\/a><\/p>\n\n\n\n<figure class=\"wp-block-image size-full is-resized\"><img decoding=\"async\" width=\"407\" height=\"599\" src=\"https:\/\/societabiblica.org\/wp-content\/uploads\/2025\/04\/immagine-copertina.jpg\" alt=\"\" class=\"wp-image-267\" style=\"width:780px;height:auto\" srcset=\"https:\/\/societabiblica.org\/wp-content\/uploads\/2025\/04\/immagine-copertina.jpg 407w, https:\/\/societabiblica.org\/wp-content\/uploads\/2025\/04\/immagine-copertina-204x300.jpg 204w\" sizes=\"(max-width: 407px) 100vw, 407px\" \/><\/figure>\n\n\n\n<p><\/p>\n\n\n\n<h2 class=\"wp-block-heading\">Progetti conclusi<\/h2>\n\n\n\n<h3 class=\"wp-block-heading\"><strong>\u2022 Una Bibbia al mese<\/strong><\/h3>\n\n\n\n<p>Il programma \u201c<em><strong>Una Bibbia Al Mese<\/strong><\/em>\u201d voleva offrire ai Cristiani impegnati un mezzo regolare e sistematico per condividere la Bibbia con coloro che ne hanno pi\u00f9 bisogno. Anche se sono state diffuse finora milioni di Bibbie in ogni parte del mondo, il nostro compito cresce ogni giorno ed \u00e8 sempre pi\u00f9 costoso! Purtroppo mancano ancora Bibbie in molti paesi. Molti Cristiani vivono l\u2019intera loro vita senza aver mai posseduto una copia della Parola di Dio.<\/p>\n\n\n\n<h3 class=\"wp-block-heading\"><strong>\u2022 Pane di vita (progetto educativo in Per\u00f9)<\/strong><\/h3>\n\n\n\n<p>Nel 1999 la Societ\u00e0 Biblica in Italia ha lanciato un programma di raccolta fondi a sostegno del progetto \u201c<strong>Pane di Vita<\/strong>\u201d, portato avanti dalla Societ\u00e0 Biblica Peruviana&nbsp; insieme all\u2019Organizzazione Non Governativa &nbsp;MISIUR e ad alcune chiese cristiane peruviane.&nbsp;Il&nbsp; progetto \u201c<strong>Pane di Vita<\/strong>\u201d&nbsp;\u00e8 stato pensato per aiutare i bambini poveri del Per\u00f9 nutrendoli e insegnando loro a leggere e a scrivere, ma soprattutto facendo capire loro che hanno un Padre che li ama e che li guida.&nbsp;I fondi inviati dalla Societ\u00e0 Biblica in Italia hanno permesso che pi\u00f9 di &nbsp;500 bambini fossero inseriti in questo programma che \u00e8 stato svolto in quattro distretti di Lima.<\/p>\n","protected":false},"excerpt":{"rendered":"<p>TLE: Traduzione Letteraria Ecumenica La Traduzione Letteraria Ecumenica (TLE)\u00a0\u00e8 una traduzione del Nuovo Testamento basata&hellip;<\/p>\n","protected":false},"author":1,"featured_media":0,"parent":0,"menu_order":0,"comment_status":"closed","ping_status":"closed","template":"","meta":{"content-type":"","_lmt_disableupdate":"","_lmt_disable":"","footnotes":""},"class_list":["post-266","page","type-page","status-publish","hentry"],"_links":{"self":[{"href":"https:\/\/societabiblica.org\/index.php?rest_route=\/wp\/v2\/pages\/266","targetHints":{"allow":["GET"]}}],"collection":[{"href":"https:\/\/societabiblica.org\/index.php?rest_route=\/wp\/v2\/pages"}],"about":[{"href":"https:\/\/societabiblica.org\/index.php?rest_route=\/wp\/v2\/types\/page"}],"author":[{"embeddable":true,"href":"https:\/\/societabiblica.org\/index.php?rest_route=\/wp\/v2\/users\/1"}],"replies":[{"embeddable":true,"href":"https:\/\/societabiblica.org\/index.php?rest_route=%2Fwp%2Fv2%2Fcomments&post=266"}],"version-history":[{"count":13,"href":"https:\/\/societabiblica.org\/index.php?rest_route=\/wp\/v2\/pages\/266\/revisions"}],"predecessor-version":[{"id":321,"href":"https:\/\/societabiblica.org\/index.php?rest_route=\/wp\/v2\/pages\/266\/revisions\/321"}],"wp:attachment":[{"href":"https:\/\/societabiblica.org\/index.php?rest_route=%2Fwp%2Fv2%2Fmedia&parent=266"}],"curies":[{"name":"wp","href":"https:\/\/api.w.org\/{rel}","templated":true}]}}