{"id":68,"date":"2025-03-04T14:18:52","date_gmt":"2025-03-04T14:18:52","guid":{"rendered":"https:\/\/societabiblica.org\/?page_id=68"},"modified":"2025-04-14T11:07:45","modified_gmt":"2025-04-14T11:07:45","slug":"chi-siamo","status":"publish","type":"page","link":"https:\/\/societabiblica.org\/?page_id=68","title":{"rendered":"Chi Siamo"},"content":{"rendered":"\n<h1 class=\"wp-block-heading\">La Societ\u00e0 Biblica in Italia (SBI)<\/h1>\n\n\n\n<p>Nel 1983 si \u00e8 costituita legalmente la Societ\u00e0 Biblica in Italia (SBI) che promuove la diffusione della Bibbia in Italia, distribuendo materiale interconfessionale e raccogliendo fondi necessari a tale scopo. \u00c8 \u201cun\u2019associazione cristiana indipendente, non legata ad alcuna confessione religiosa, senza scopo di lucro, avente per oggetto la massima diffusione delle Sacre Scritture da realizzarsi mediante le attivit\u00e0 atte alla promozione di quest\u2019opera\u201d.<\/p>\n\n\n\n<p>L\u2019adesione alla Societ\u00e0 Biblica in Italia \u00e8 aperta a tutti quelli che ne condividono le finalit\u00e0. Tale Societ\u00e0 \u00e8 amministrata da un consiglio eletto dai soci nel quale, per statuto, tutte le confessioni cristiane possono essere rappresentate.<\/p>\n\n\n\n<p>La SBI fa parte dell\u2019Alleanza Biblica Universale (ABU) \u2013 United Bible Societies (UBS), un\u2019organizzazione internazionale fondata nel 1946, che riunisce e coordina il lavoro di circa 150 societ\u00e0 bibliche.<\/p>\n\n\n\n<p>Fino al 2018 la SBI ha sostenuto il lavoro della Societ\u00e0 Biblica Britannica e Forestiera (SBBF). Dal momento della chiusura della SBBF, la SBI, sua erede spirituale, si \u00e8 attrezzata per realizzare in autonomia i propri fini statutari.<\/p>\n\n\n\n<p>Al momento il Consiglio di Amministrazione della SBI \u00e8 composto da:<\/p>\n\n\n\n<p><em>Presidente<\/em>: Luca Mazzinghi<\/p>\n\n\n\n<p><em>Vice Presidente<\/em>: Andrea de Girolamo<\/p>\n\n\n\n<p><em>Tesoriere<\/em>: Andrea Storani<\/p>\n\n\n\n<p><em>Segretario:<\/em>&nbsp;Maurizio Rolli<\/p>\n\n\n\n<p><em>Componenti<\/em>: &nbsp;Alberto Annarilli, Alberto Rocchini, Maurizio Caracciolo, Rosita Celenta, Paolo Merlo, Alessandra Pecchioli, Fabio Perroni, Marco Zappella.<\/p>\n\n\n\n<p><em>Segretario Generale:<\/em>&nbsp;Luca Maria Negro<\/p>\n","protected":false},"excerpt":{"rendered":"<p>La Societ\u00e0 Biblica in Italia (SBI) Nel 1983 si \u00e8 costituita legalmente la Societ\u00e0 Biblica&hellip;<\/p>\n","protected":false},"author":1,"featured_media":0,"parent":0,"menu_order":0,"comment_status":"closed","ping_status":"closed","template":"","meta":{"content-type":"","_lmt_disableupdate":"","_lmt_disable":"","footnotes":""},"class_list":["post-68","page","type-page","status-publish","hentry"],"_links":{"self":[{"href":"https:\/\/societabiblica.org\/index.php?rest_route=\/wp\/v2\/pages\/68","targetHints":{"allow":["GET"]}}],"collection":[{"href":"https:\/\/societabiblica.org\/index.php?rest_route=\/wp\/v2\/pages"}],"about":[{"href":"https:\/\/societabiblica.org\/index.php?rest_route=\/wp\/v2\/types\/page"}],"author":[{"embeddable":true,"href":"https:\/\/societabiblica.org\/index.php?rest_route=\/wp\/v2\/users\/1"}],"replies":[{"embeddable":true,"href":"https:\/\/societabiblica.org\/index.php?rest_route=%2Fwp%2Fv2%2Fcomments&post=68"}],"version-history":[{"count":6,"href":"https:\/\/societabiblica.org\/index.php?rest_route=\/wp\/v2\/pages\/68\/revisions"}],"predecessor-version":[{"id":304,"href":"https:\/\/societabiblica.org\/index.php?rest_route=\/wp\/v2\/pages\/68\/revisions\/304"}],"wp:attachment":[{"href":"https:\/\/societabiblica.org\/index.php?rest_route=%2Fwp%2Fv2%2Fmedia&parent=68"}],"curies":[{"name":"wp","href":"https:\/\/api.w.org\/{rel}","templated":true}]}}